{"id":2158,"date":"2025-11-27T13:19:39","date_gmt":"2025-11-27T19:19:39","guid":{"rendered":"https:\/\/www.uic.mx\/posgrados\/?page_id=2158"},"modified":"2025-11-27T13:46:21","modified_gmt":"2025-11-27T19:46:21","slug":"bienvenida","status":"publish","type":"page","link":"https:\/\/www.uic.mx\/posgrados\/bienvenida\/","title":{"rendered":"Bienvenida"},"content":{"rendered":"\t\t<div data-elementor-type=\"wp-page\" data-elementor-id=\"2158\" class=\"elementor elementor-2158\" data-elementor-post-type=\"page\">\n\t\t\t\t<div class=\"elementor-element elementor-element-64bde7e e-flex e-con-boxed e-con e-parent\" data-id=\"64bde7e\" data-element_type=\"container\" data-e-type=\"container\">\n\t\t\t\t\t<div class=\"e-con-inner\">\n\t\t<div class=\"elementor-element elementor-element-165dfdd e-flex e-con-boxed e-con e-child\" data-id=\"165dfdd\" data-element_type=\"container\" data-e-type=\"container\" data-settings=\"{&quot;background_background&quot;:&quot;classic&quot;}\">\n\t\t\t\t\t<div class=\"e-con-inner\">\n\t\t<div class=\"elementor-element elementor-element-6a0173a e-con-full e-flex e-con e-child\" data-id=\"6a0173a\" data-element_type=\"container\" data-e-type=\"container\">\n\t\t\t\t<div class=\"elementor-element elementor-element-afb966b elementor-widget-divider--view-line elementor-widget elementor-widget-divider\" data-id=\"afb966b\" data-element_type=\"widget\" data-e-type=\"widget\" data-widget_type=\"divider.default\">\n\t\t\t\t<div class=\"elementor-widget-container\">\n\t\t\t\t\t\t\t<div class=\"elementor-divider\">\n\t\t\t<span class=\"elementor-divider-separator\">\n\t\t\t\t\t\t<\/span>\n\t\t<\/div>\n\t\t\t\t\t\t<\/div>\n\t\t\t\t<\/div>\n\t\t\t\t<div class=\"elementor-element elementor-element-aa8f7e3 elementor-widget elementor-widget-heading\" data-id=\"aa8f7e3\" data-element_type=\"widget\" data-e-type=\"widget\" data-widget_type=\"heading.default\">\n\t\t\t\t<div class=\"elementor-widget-container\">\n\t\t\t\t\t<h2 class=\"elementor-heading-title elementor-size-default\">\u00a1Bienvenida!<\/h2>\t\t\t\t<\/div>\n\t\t\t\t<\/div>\n\t\t\t\t<div class=\"elementor-element elementor-element-1d8e47a elementor-widget elementor-widget-text-editor\" data-id=\"1d8e47a\" data-element_type=\"widget\" data-e-type=\"widget\" data-widget_type=\"text-editor.default\">\n\t\t\t\t<div class=\"elementor-widget-container\">\n\t\t\t\t\t\t\t\t\t<p>\u00a0Por la Dra. M\u00f3nica Leticia Parra Mart\u00ednez<\/p>\t\t\t\t\t\t\t\t<\/div>\n\t\t\t\t<\/div>\n\t\t\t\t<\/div>\n\t\t<div class=\"elementor-element elementor-element-d3478ae e-con-full e-flex e-con e-child\" data-id=\"d3478ae\" data-element_type=\"container\" data-e-type=\"container\">\n\t\t<div class=\"elementor-element elementor-element-0debbef e-con-full e-flex e-con e-child\" data-id=\"0debbef\" data-element_type=\"container\" data-e-type=\"container\">\n\t\t\t\t<div class=\"elementor-element elementor-element-646ae65 elementor-widget elementor-widget-text-editor\" data-id=\"646ae65\" data-element_type=\"widget\" data-e-type=\"widget\" data-widget_type=\"text-editor.default\">\n\t\t\t\t<div class=\"elementor-widget-container\">\n\t\t\t\t\t\t\t\t\t<p>\u201cUna nueva ventana a<br \/>la informaci\u00f3n\u201d<\/p>\t\t\t\t\t\t\t\t<\/div>\n\t\t\t\t<\/div>\n\t\t\t\t<\/div>\n\t\t<div class=\"elementor-element elementor-element-9c0ebc8 e-con-full e-flex e-con e-child\" data-id=\"9c0ebc8\" data-element_type=\"container\" data-e-type=\"container\">\n\t\t\t\t<div class=\"elementor-element elementor-element-7b23d3e elementor-widget elementor-widget-image\" data-id=\"7b23d3e\" data-element_type=\"widget\" data-e-type=\"widget\" data-widget_type=\"image.default\">\n\t\t\t\t<div class=\"elementor-widget-container\">\n\t\t\t\t\t\t\t\t\t\t\t\t\t\t\t<img fetchpriority=\"high\" decoding=\"async\" width=\"200\" height=\"300\" src=\"https:\/\/www.uic.mx\/posgrados\/wp-content\/uploads\/MONICA-PARRA-200x300.png\" class=\"attachment-medium size-medium wp-image-2167\" alt=\"\" srcset=\"https:\/\/www.uic.mx\/posgrados\/wp-content\/uploads\/MONICA-PARRA-200x300.png 200w, https:\/\/www.uic.mx\/posgrados\/wp-content\/uploads\/MONICA-PARRA-683x1024.png 683w, https:\/\/www.uic.mx\/posgrados\/wp-content\/uploads\/MONICA-PARRA-768x1152.png 768w, https:\/\/www.uic.mx\/posgrados\/wp-content\/uploads\/MONICA-PARRA.png 832w\" sizes=\"(max-width: 200px) 100vw, 200px\" \/>\t\t\t\t\t\t\t\t\t\t\t\t\t\t\t<\/div>\n\t\t\t\t<\/div>\n\t\t\t\t<\/div>\n\t\t\t\t<\/div>\n\t\t\t\t<div class=\"elementor-element elementor-element-b97a357 elementor-widget elementor-widget-text-editor\" data-id=\"b97a357\" data-element_type=\"widget\" data-e-type=\"widget\" data-widget_type=\"text-editor.default\">\n\t\t\t\t<div class=\"elementor-widget-container\">\n\t\t\t\t\t\t\t\t\t<p>Esta propuesta es m\u00e1s que espacio informativo, nace de la necesidad y deseo de mantener la comunicaci\u00f3n entre los miembros de la comunidad de posgrados, es un abrazo c\u00e1lido entre quienes han elegido el camino del conocimiento profundo, la reflexi\u00f3n cr\u00edtica y el compromiso \u00e9tico. Es un puente que une a estudiantes, egresados, docentes y directivos de los programas de posgrado de la Universidad Intercontinental, record\u00e1ndonos que la formaci\u00f3n acad\u00e9mica no termina con un t\u00edtulo, sino que se transforma en una red viva de di\u00e1logo, colaboraci\u00f3n y crecimiento continuo.<\/p><p>\u00a0<\/p><p>En este espacio compartiremos noticias relevantes, informaci\u00f3n sobre tr\u00e1mites administrativos, convocatorias, logros y reflexiones que nos inspiran a seguir construyendo juntos una comunidad s\u00f3lida, comprometida y humana; queremos que sea un reflejo de los valores que nos definen como universidad: la paz que gu\u00eda nuestras acciones, el di\u00e1logo que enriquece nuestras diferencias, la libertad que impulsa nuestras ideas, el respeto que fortalece nuestras<br \/>relaciones, y la verdad que orienta nuestro pensamiento.<\/p><p>\u00a0<\/p><p>Te invitamos a mantenerte en comunicaci\u00f3n con tu instituci\u00f3n, a compartir tus experiencias, tus proyectos y tus sue\u00f1os. Porque en la UIC, cada paso que das es parte de una historia colectiva que sigue escribi\u00e9ndose con pasi\u00f3n, \u00e9tica y esperanza.<\/p><p><br \/>Gracias por ser parte de esta comunidad que transforma, inspira y trasciende.<\/p>\t\t\t\t\t\t\t\t<\/div>\n\t\t\t\t<\/div>\n\t\t\t\t\t<\/div>\n\t\t\t\t<\/div>\n\t\t\t\t\t<\/div>\n\t\t\t\t<\/div>\n\t\t\t\t<\/div>\n\t\t","protected":false},"excerpt":{"rendered":"<p>\u00a1Bienvenida! \u00a0Por la Dra. M\u00f3nica Leticia Parra Mart\u00ednez \u201cUna nueva ventana ala informaci\u00f3n\u201d Esta propuesta es m\u00e1s que espacio informativo, nace de la necesidad y deseo de mantener la comunicaci\u00f3n entre los miembros de la comunidad de posgrados, es un abrazo c\u00e1lido entre quienes han elegido el camino del conocimiento profundo, la reflexi\u00f3n cr\u00edtica y [&hellip;]<\/p>\n","protected":false},"author":1,"featured_media":0,"parent":0,"menu_order":0,"comment_status":"closed","ping_status":"closed","template":"","meta":{"_acf_changed":false,"footnotes":""},"class_list":["post-2158","page","type-page","status-publish","hentry"],"acf":[],"yoast_head":"<!-- This site is optimized with the Yoast SEO plugin v27.4 - https:\/\/yoast.com\/product\/yoast-seo-wordpress\/ -->\n<title>Bienvenida - Posgrados UIC<\/title>\n<meta name=\"robots\" content=\"index, follow, max-snippet:-1, max-image-preview:large, max-video-preview:-1\" \/>\n<link rel=\"canonical\" href=\"https:\/\/www.uic.mx\/posgrados\/bienvenida\/\" \/>\n<meta property=\"og:locale\" content=\"es_MX\" \/>\n<meta property=\"og:type\" content=\"article\" \/>\n<meta property=\"og:title\" content=\"Bienvenida - Posgrados UIC\" \/>\n<meta property=\"og:description\" content=\"\u00a1Bienvenida! \u00a0Por la Dra. M\u00f3nica Leticia Parra Mart\u00ednez \u201cUna nueva ventana ala informaci\u00f3n\u201d Esta propuesta es m\u00e1s que espacio informativo, nace de la necesidad y deseo de mantener la comunicaci\u00f3n entre los miembros de la comunidad de posgrados, es un abrazo c\u00e1lido entre quienes han elegido el camino del conocimiento profundo, la reflexi\u00f3n cr\u00edtica y [&hellip;]\" \/>\n<meta property=\"og:url\" content=\"https:\/\/www.uic.mx\/posgrados\/bienvenida\/\" \/>\n<meta property=\"og:site_name\" content=\"Posgrados UIC\" \/>\n<meta property=\"article:modified_time\" content=\"2025-11-27T19:46:21+00:00\" \/>\n<meta property=\"og:image\" content=\"https:\/\/www.uic.mx\/posgrados\/wp-content\/uploads\/MONICA-PARRA.png\" \/>\n\t<meta property=\"og:image:width\" content=\"832\" \/>\n\t<meta property=\"og:image:height\" content=\"1248\" \/>\n\t<meta property=\"og:image:type\" content=\"image\/png\" \/>\n<meta name=\"twitter:card\" content=\"summary_large_image\" \/>\n<meta name=\"twitter:label1\" content=\"Tiempo de lectura\" \/>\n\t<meta name=\"twitter:data1\" content=\"2 minutos\" \/>\n<script type=\"application\/ld+json\" class=\"yoast-schema-graph\">{\"@context\":\"https:\\\/\\\/schema.org\",\"@graph\":[{\"@type\":\"WebPage\",\"@id\":\"https:\\\/\\\/www.uic.mx\\\/posgrados\\\/bienvenida\\\/\",\"url\":\"https:\\\/\\\/www.uic.mx\\\/posgrados\\\/bienvenida\\\/\",\"name\":\"Bienvenida - Posgrados UIC\",\"isPartOf\":{\"@id\":\"https:\\\/\\\/www.uic.mx\\\/posgrados\\\/#website\"},\"primaryImageOfPage\":{\"@id\":\"https:\\\/\\\/www.uic.mx\\\/posgrados\\\/bienvenida\\\/#primaryimage\"},\"image\":{\"@id\":\"https:\\\/\\\/www.uic.mx\\\/posgrados\\\/bienvenida\\\/#primaryimage\"},\"thumbnailUrl\":\"https:\\\/\\\/www.uic.mx\\\/posgrados\\\/wp-content\\\/uploads\\\/MONICA-PARRA-200x300.png\",\"datePublished\":\"2025-11-27T19:19:39+00:00\",\"dateModified\":\"2025-11-27T19:46:21+00:00\",\"breadcrumb\":{\"@id\":\"https:\\\/\\\/www.uic.mx\\\/posgrados\\\/bienvenida\\\/#breadcrumb\"},\"inLanguage\":\"es\",\"potentialAction\":[{\"@type\":\"ReadAction\",\"target\":[\"https:\\\/\\\/www.uic.mx\\\/posgrados\\\/bienvenida\\\/\"]}]},{\"@type\":\"ImageObject\",\"inLanguage\":\"es\",\"@id\":\"https:\\\/\\\/www.uic.mx\\\/posgrados\\\/bienvenida\\\/#primaryimage\",\"url\":\"https:\\\/\\\/www.uic.mx\\\/posgrados\\\/wp-content\\\/uploads\\\/MONICA-PARRA.png\",\"contentUrl\":\"https:\\\/\\\/www.uic.mx\\\/posgrados\\\/wp-content\\\/uploads\\\/MONICA-PARRA.png\",\"width\":832,\"height\":1248},{\"@type\":\"BreadcrumbList\",\"@id\":\"https:\\\/\\\/www.uic.mx\\\/posgrados\\\/bienvenida\\\/#breadcrumb\",\"itemListElement\":[{\"@type\":\"ListItem\",\"position\":1,\"name\":\"Inicio\",\"item\":\"https:\\\/\\\/www.uic.mx\\\/posgrados\\\/\"},{\"@type\":\"ListItem\",\"position\":2,\"name\":\"Bienvenida\"}]},{\"@type\":\"WebSite\",\"@id\":\"https:\\\/\\\/www.uic.mx\\\/posgrados\\\/#website\",\"url\":\"https:\\\/\\\/www.uic.mx\\\/posgrados\\\/\",\"name\":\"Posgrados UIC\",\"description\":\"\",\"publisher\":{\"@id\":\"https:\\\/\\\/www.uic.mx\\\/posgrados\\\/#organization\"},\"potentialAction\":[{\"@type\":\"SearchAction\",\"target\":{\"@type\":\"EntryPoint\",\"urlTemplate\":\"https:\\\/\\\/www.uic.mx\\\/posgrados\\\/?s={search_term_string}\"},\"query-input\":{\"@type\":\"PropertyValueSpecification\",\"valueRequired\":true,\"valueName\":\"search_term_string\"}}],\"inLanguage\":\"es\"},{\"@type\":\"Organization\",\"@id\":\"https:\\\/\\\/www.uic.mx\\\/posgrados\\\/#organization\",\"name\":\"Posgrados UIC\",\"url\":\"https:\\\/\\\/www.uic.mx\\\/posgrados\\\/\",\"logo\":{\"@type\":\"ImageObject\",\"inLanguage\":\"es\",\"@id\":\"https:\\\/\\\/www.uic.mx\\\/posgrados\\\/#\\\/schema\\\/logo\\\/image\\\/\",\"url\":\"https:\\\/\\\/www.uic.mx\\\/posgrados\\\/wp-content\\\/uploads\\\/Logo-50-Universidad-Intercontinental-horizontal-blanco-scaled.png\",\"contentUrl\":\"https:\\\/\\\/www.uic.mx\\\/posgrados\\\/wp-content\\\/uploads\\\/Logo-50-Universidad-Intercontinental-horizontal-blanco-scaled.png\",\"width\":2560,\"height\":643,\"caption\":\"Posgrados UIC\"},\"image\":{\"@id\":\"https:\\\/\\\/www.uic.mx\\\/posgrados\\\/#\\\/schema\\\/logo\\\/image\\\/\"}}]}<\/script>\n<!-- \/ Yoast SEO plugin. -->","yoast_head_json":{"title":"Bienvenida - Posgrados UIC","robots":{"index":"index","follow":"follow","max-snippet":"max-snippet:-1","max-image-preview":"max-image-preview:large","max-video-preview":"max-video-preview:-1"},"canonical":"https:\/\/www.uic.mx\/posgrados\/bienvenida\/","og_locale":"es_MX","og_type":"article","og_title":"Bienvenida - Posgrados UIC","og_description":"\u00a1Bienvenida! \u00a0Por la Dra. M\u00f3nica Leticia Parra Mart\u00ednez \u201cUna nueva ventana ala informaci\u00f3n\u201d Esta propuesta es m\u00e1s que espacio informativo, nace de la necesidad y deseo de mantener la comunicaci\u00f3n entre los miembros de la comunidad de posgrados, es un abrazo c\u00e1lido entre quienes han elegido el camino del conocimiento profundo, la reflexi\u00f3n cr\u00edtica y [&hellip;]","og_url":"https:\/\/www.uic.mx\/posgrados\/bienvenida\/","og_site_name":"Posgrados UIC","article_modified_time":"2025-11-27T19:46:21+00:00","og_image":[{"width":832,"height":1248,"url":"https:\/\/www.uic.mx\/posgrados\/wp-content\/uploads\/MONICA-PARRA.png","type":"image\/png"}],"twitter_card":"summary_large_image","twitter_misc":{"Tiempo de lectura":"2 minutos"},"schema":{"@context":"https:\/\/schema.org","@graph":[{"@type":"WebPage","@id":"https:\/\/www.uic.mx\/posgrados\/bienvenida\/","url":"https:\/\/www.uic.mx\/posgrados\/bienvenida\/","name":"Bienvenida - Posgrados UIC","isPartOf":{"@id":"https:\/\/www.uic.mx\/posgrados\/#website"},"primaryImageOfPage":{"@id":"https:\/\/www.uic.mx\/posgrados\/bienvenida\/#primaryimage"},"image":{"@id":"https:\/\/www.uic.mx\/posgrados\/bienvenida\/#primaryimage"},"thumbnailUrl":"https:\/\/www.uic.mx\/posgrados\/wp-content\/uploads\/MONICA-PARRA-200x300.png","datePublished":"2025-11-27T19:19:39+00:00","dateModified":"2025-11-27T19:46:21+00:00","breadcrumb":{"@id":"https:\/\/www.uic.mx\/posgrados\/bienvenida\/#breadcrumb"},"inLanguage":"es","potentialAction":[{"@type":"ReadAction","target":["https:\/\/www.uic.mx\/posgrados\/bienvenida\/"]}]},{"@type":"ImageObject","inLanguage":"es","@id":"https:\/\/www.uic.mx\/posgrados\/bienvenida\/#primaryimage","url":"https:\/\/www.uic.mx\/posgrados\/wp-content\/uploads\/MONICA-PARRA.png","contentUrl":"https:\/\/www.uic.mx\/posgrados\/wp-content\/uploads\/MONICA-PARRA.png","width":832,"height":1248},{"@type":"BreadcrumbList","@id":"https:\/\/www.uic.mx\/posgrados\/bienvenida\/#breadcrumb","itemListElement":[{"@type":"ListItem","position":1,"name":"Inicio","item":"https:\/\/www.uic.mx\/posgrados\/"},{"@type":"ListItem","position":2,"name":"Bienvenida"}]},{"@type":"WebSite","@id":"https:\/\/www.uic.mx\/posgrados\/#website","url":"https:\/\/www.uic.mx\/posgrados\/","name":"Posgrados UIC","description":"","publisher":{"@id":"https:\/\/www.uic.mx\/posgrados\/#organization"},"potentialAction":[{"@type":"SearchAction","target":{"@type":"EntryPoint","urlTemplate":"https:\/\/www.uic.mx\/posgrados\/?s={search_term_string}"},"query-input":{"@type":"PropertyValueSpecification","valueRequired":true,"valueName":"search_term_string"}}],"inLanguage":"es"},{"@type":"Organization","@id":"https:\/\/www.uic.mx\/posgrados\/#organization","name":"Posgrados UIC","url":"https:\/\/www.uic.mx\/posgrados\/","logo":{"@type":"ImageObject","inLanguage":"es","@id":"https:\/\/www.uic.mx\/posgrados\/#\/schema\/logo\/image\/","url":"https:\/\/www.uic.mx\/posgrados\/wp-content\/uploads\/Logo-50-Universidad-Intercontinental-horizontal-blanco-scaled.png","contentUrl":"https:\/\/www.uic.mx\/posgrados\/wp-content\/uploads\/Logo-50-Universidad-Intercontinental-horizontal-blanco-scaled.png","width":2560,"height":643,"caption":"Posgrados UIC"},"image":{"@id":"https:\/\/www.uic.mx\/posgrados\/#\/schema\/logo\/image\/"}}]}},"_links":{"self":[{"href":"https:\/\/www.uic.mx\/posgrados\/wp-json\/wp\/v2\/pages\/2158","targetHints":{"allow":["GET"]}}],"collection":[{"href":"https:\/\/www.uic.mx\/posgrados\/wp-json\/wp\/v2\/pages"}],"about":[{"href":"https:\/\/www.uic.mx\/posgrados\/wp-json\/wp\/v2\/types\/page"}],"author":[{"embeddable":true,"href":"https:\/\/www.uic.mx\/posgrados\/wp-json\/wp\/v2\/users\/1"}],"replies":[{"embeddable":true,"href":"https:\/\/www.uic.mx\/posgrados\/wp-json\/wp\/v2\/comments?post=2158"}],"version-history":[{"count":52,"href":"https:\/\/www.uic.mx\/posgrados\/wp-json\/wp\/v2\/pages\/2158\/revisions"}],"predecessor-version":[{"id":2212,"href":"https:\/\/www.uic.mx\/posgrados\/wp-json\/wp\/v2\/pages\/2158\/revisions\/2212"}],"wp:attachment":[{"href":"https:\/\/www.uic.mx\/posgrados\/wp-json\/wp\/v2\/media?parent=2158"}],"curies":[{"name":"wp","href":"https:\/\/api.w.org\/{rel}","templated":true}]}}